313
What is the remainder when 108556 is divided by 364?
84
What is the remainder when 2286910 is divided by 28233?
37
Calculate the remainder when 9840498 is divided by 552.
546
Calculate the remainder when 715070 is divided by 107.
96
What is the remainder when 2687555 is divided by 41993?
3
What is the remainder when 2934254 is divided by 70?
64
Calculate the remainder when 64095645 is divided by 33.
9
What is the remainder when 67825 is divided by 266?
261
Calculate the remainder when 2499 is divided by 567.
231
Calculate the remainder when 63669025 is divided by 21223007.
4
Calculate the remainder when 331392 is divided by 325460.
5932
Calculate the remainder when 52185 is divided by 1536.
1497
What is the remainder when 62114 is divided by 57?
41
Calculate the remainder when 278642 is divided by 9605.
97
What is the remainder when 14849 is divided by 7399?
51
Calculate the remainder when 6171885 is divided by 685765.
0
Calculate the remainder when 1855147 is divided by 142703.
8
What is the remainder when 12170519 is divided by 5507?
49
What is the remainder when 2401282 is divided by 2099?
26
What is the remainder when 17787 is divided by 17734?
53
What is the remainder when 148414 is divided by 14811?
304
Calculate the remainder when 142823457 is divided by 72.
9
Calculate the remainder when 158422 is divided by 3149.
972
Calculate the remainder when 2482442 is divided by 309.
245
What is the remainder when 345226268 is divided by 12?
8
Calculate the remainder when 2116 is divided by 407.
81
What is the remainder when 4801540 is divided by 55?
40
Calculate the remainder when 3110855 is divided by 777673.
163
What is the remainder when 1293349 is divided by 53885?
109
Calculate the remainder when 77805 is divided by 489.
54
Calculate the remainder when 164473 is divided by 160677.
3796
Calculate the remainder when 1784689 is divided by 531.
529
What is the remainder when 968687 is divided by 24217?
7
What is the remainder when 101658 is divided by 16756?
1122
Calculate the remainder when 447615 is divided by 2131.
105
What is the remainder when 62210003 is divided by 5?
3
Calculate the remainder when 17763914 is divided by 1103.
99
Calculate the remainder when 134175768 is divided by 267.
258
Calculate the remainder when 415323 is divided by 415275.
48
What is the remainder when 297982469 is divided by 362?
359
Calculate the remainder when 656508 is divided by 787.
150
Calculate the remainder when 1422581 is divided by 28451.
31
What is the remainder when 2256395 is divided by 205126?
9
Calculate the remainder when 32998 is divided by 3299.
8
Calculate the remainder when 9866222 is divided by 1119.
1118
What is the remainder when 566679 is divided by 565878?
801
Calculate the remainder when 13003516 is divided by 497.
8
Calculate the remainder when 361773126 is divided by 2066.
2064
Calculate the remainder when 193935 is divided by 10144.
1199
Calculate the remainder when 255495252 is divided by 1178.
10
What is the remainder when 11343 is divided by 2795?
163
What is the remainder when 18407156 is divided by 738?
698
What is the remainder when 354114 is divided by 118038?
0
What is the remainder when 1534265 is divided by 25571?
5
Calculate the remainder when 1848984 is divided by 924482.
20
Calculate the remainder when 5287446 is divided by 1762480.
6
Calculate the remainder when 68374 is divided by 3543.
1057
Calculate the remainder when 1160075 is divided by 1160046.
29
What is the remainder when 4513795 is divided by 194?
191
What is the remainder when 498321 is divided by 1666?
187
Calculate the remainder when 31816608 is divided by 1495.
18
What is the remainder when 6289310 is divided by 1326?
92
Calculate the remainder when 967852 is divided by 3420.
3412
Calculate the remainder when 5994408 is divided by 1997934.
606
Calculate the remainder when 281948 is divided by 40270.
58
What is the remainder when 34195228 is divided by 16009?
4
Calculate the remainder when 830672 is divided by 276783.
323
What is the remainder when 8361704 is divided by 2550?
254
What is the remainder when 821999 is divided by 548?
547
What is the remainder when 697505 is divided by 190?
15
Calculate the remainder when 18627134 is divided by 2535.
2489
What is the remainder when 70000903 is divided by 10?
3
What is the remainder when 1922946 is divided by 202?
108
Calculate the remainder when 7293 is divided by 693.
363
Calculate the remainder when 471213806 is divided by 748.
734
What is the remainder when 5136229 is divided by 5136118?
111
What is the remainder when 111982 is divided by 55472?
1038
Calculate the remainder when 106478684 is divided by 7.
4
Calculate the remainder when 154813 is divided by 282.
277
Calculate the remainder when 62552 is divided by 669.
335
What is the remainder when 97442 is divided by 5965?
2002
Calculate the remainder when 127716 is divided by 126072.
1644
What is the remainder when 3289754 is divided by 1644823?
108
Calculate the remainder when 2389856 is divided by 1193943.
1970
What is the remainder when 3109588 is divided by 99?
97
Calculate the remainder when 2008822 is divided by 3720.
22
What is the remainder when 112470 is divided by 534?
330
Calculate the remainder when 5933 is divided by 2531.
871
What is the remainder when 10995679 is divided by 20065?
59
Calculate the remainder when 35316 is divided by 4965.
561
What is the remainder when 651337 is divided by 6142?
285
Calculate the remainder when 1145673422 is divided by 161.
159
Calculate the remainder when 1880104 is divided by 321.
7
What is the remainder when 121182 is divided by 17251?
425
Calculate the remainder when 5814901 is divided by 581488.
21
Calculate the remainder when 40062327 is divided by 10.
7
What is the remainder when 97484 is divided by 4621?
443
Calculate the remainder when 1147828 is divided by 104210.
1518
What is the remainder when 1264802 is divided by 28105?
77
Calculate the remainder when 2682231 is divided by 55.
46
What is the remainder when 3836268 is divided by 15?
3
Calculate the remainder when 29889211 is divided by 1909.
1907
Calculate the remainder when 65190490 is divided by 53.
13
Calculate the remainder when 73965 is divided by 475.
340
Calculate the remainder when 201429 is divided by 338.
319
What is the remainder when 1235339 is divided by 60?
59
What is the remainder when 252592 is divided by 1112?
168
Calculate the remainder when 3631980 is divided by 279383.
1
Calculate the remainder when 26846397 is divided by 2.
1
Calculate the remainder when 14222 is divided by 80.
62
Calculate the remainder when 2367233 is divided by 2367051.
182
What is the remainder when 10390265 is divided by 5195019?
227
Calculate the remainder when 102949 is divided by 880.
869
What is the remainder when 779452 is divided by 274?
196
Calculate the remainder when 1264178 is divided by 37.
36
Calculate the remainder when 16581071 is divided by 180229.
3
What is the remainder when 537358 is divided by 268555?
248
What is the remainder when 360057 is divided by 531?
39
What is the remainder when 36453 is divided by 62?
59
Calculate the remainder when 2185777 is divided by 1439.
1375
What is the remainder when 199520 is divided by 508?
384
Calculate the remainder when 1350362 is divided by 707.
699
What is the remainder when 1531318 is divided by 1059?
4
What is the remainder when 5227782 is divided by 59?
28
What is the remainder when 1351912 is divided by 2124?
1048
Calculate the remainder when 6690827 is divided by 73.
12
What is the remainder when 3159769 is divided by 51?
13
What is the remainder when 283870276 is divided by 138?
136
Calculate the remainder when 32463136 is divided by 24.
16
What is the remainder when 209359 is divided by 13084?
15
What is the remainder when 1146777 is divided by 11112?
2241
Calculate the remainder when 15804 is divided by 5211.
171
What is the remainder when 476682373 is divided by 831?
829
Calculate the remainder when 156225733 is divided by 1193.
1190
What is the remainder when 6029491 is divided by 198?
193
Calculate the remainder when 7058854 is divided by 2880.
2854
What is the remainder when 691473 is divided by 40?
33
Calculate the remainder when 282697 is divided by 5760.
457
What is the r